 be the third derivative of x**5/30 - 5*x**4/24 + 3*x**3 - 7*x**2. Let o be (120/50)/((-4)/(-40)*4). What is the tens digit of w(o)?
6
Let h(d) be the second derivative of -5*d**5/24 - d**4/12 - 8*d**3/3 + 5*d. Let q(z) be the second derivative of h(z). What is the tens digit of q(-4)?
9
Let x = -9 - -8. Let w(u) = 2 + 5 + 11*u - 60*u - 10. What is the units digit of w(x)?
6
Suppose -15*n + 20*n + 20 = 0. What is the tens digit of 18/12 + n/(-16)*1658?
1
Suppose -3*u + 27590 + 17962 = 3*d, 0 = d - 4*u - 15209. What is the tens digit of d?
8
What is the tens digit of ((-180171)/18)/(171/30 + -6)?
6
Suppose -6672 = -6*d + 85626 - 900. What is the hundreds digit of d?
2
Let k be (-10 - (-15 + 9)) + 17. Let m = 818 - -654. Suppose -k*q + m = -5*q. What is the units digit of q?
4
Let q(o) = -3*o**2 - 4*o - 17. Let w(k) = k**2 + k + 1. Let b(u) = q(u) + 4*w(u). Let y = 3278 - 3284. What is the units digit of b(y)?
3
Suppose -t + 4*t = -0*t. Suppose t = -4*z + 16, v - 5*z + 5 = -9. Let p(s) = 4*s**2 - 6*s + 12. What is the units digit of p(v)?
0
Let u(i) = 57*i**2 - 217*i - 2148. What is the units digit of u(-10)?
2
Let r be (10/(-45))/(10/(-90)). Suppose -1613 + 9 = -r*z. What is the units digit of z?
2
Let x(p) = -642*p + 284. What is the units digit of x(-23)?
0
What is the hundreds digit of (-3686)/(-4)*(3 - (13 + -14))?
6
Let s be 1/((-16)/6 - (2 - 5)). Suppose -255 = -s*n + 213. What is the units digit of n?
6
Let g(v) = 1237*v + 4270. What is the tens digit of g(0)?
7
Let t(w) = -2*w**3 + 4*w + 1. Let d be t(-2). Let f(k) = 31 - d - 2*k + 21*k - 12*k**2 + k**3. What is the tens digit of f(10)?
1
Let m(h) = 445*h**2 - 115*h - 85. What is the units digit of m(9)?
5
Let f be (-6)/(-15) - 9552/30. Let g = f - -488. What is the units digit of g?
0
Let o(k) be the first derivative of 74*k**2 - 136*k - 22. What is the units digit of o(6)?
2
Suppose 89 = -45*z - 406. Suppose 2*p = -p + 48. Let o = p + z. What is the units digit of o?
5
Let k = 32 - 29. Suppose -b - 4*z + 16 = 0, 0 = k*b - 3*z - 3. Suppose -b*s + 5*g = -167, s + 0*s + 3*g = 63. What is the units digit of s?
8
What is the tens digit of 564108/15 - 120/200*(-2)/(-6)?
0
Suppose 0 = -3*m - 2*y - 64, -5*m - 5*y = -0*m + 115. Let q = 33 + m. What is the units digit of (-3)/(q/(-355) - 0)?
1
Suppose k = 2*u, -5*k + 6*k = -2*u. Suppose k*t + 2*y + 128 = 3*t, 148 = 4*t + 3*y. What is the units digit of t?
0
Let t = -644 + 336. Let l = 915 + t. What is the tens digit of l?
0
Let w = 24 + -27. Let c = 296 - 285. What is the hundreds digit of (-65 - -20)*c/w?
1
Suppose 7*h - 54 = -26. Suppose h*y + 1267 = -7*a + 12*a, -10 = -5*y. What is the units digit of a?
5
Suppose 0 = 5*y - 15, 0 = -3*c + 5*c + 2*y - 10. Suppose -2*d - 5*u = -3*d + 1389, d = -c*u + 1403. What is the tens digit of d?
9
Let o be 3*20/15 - (0 + -191). Suppose 3*a - o - 123 = -3*y, 0 = -y - 4*a + 121. What is the tens digit of y?
0
Suppose 44 = 3*y - 94. Let a = 50 + -92. Let b = y - a. What is the tens digit of b?
8
Suppose 0 = -4*z - 20, -4*y - 3*z = -z - 7694. Suppose 0 = 64*u - 58*u - y. Let t = u - 89. What is the tens digit of t?
3
Suppose 0 = -f + 4*l + 68, 4*l - 13 - 7 = 0. Let q = 721 + -740. Let m = q + f. What is the units digit of m?
9
Let g(a) = a**3 + 51*a**2 + 93*a - 666. What is the tens digit of g(-41)?
3
Let o(x) be the second derivative of x**4/6 - x**3/2 - 3*x**2 + 30*x - 3. Let u be 1*5*(2 + -3). What is the tens digit of o(u)?
5
Let g = 40415 + -24778. What is the ten thousands digit of g?
1
Let v = 28 + -24. Suppose a + 3*m + 10 = 0, 5*a - v*m = -0*m + 26. Suppose 4*h = 4*n - 84, -4*n - 2*h = a*h - 92. What is the tens digit of n?
2
Let h(s) = -156*s**2 + 34*s - 58. Let k(f) = 31*f**2 - 7*f + 12. Let o(t) = 2*h(t) + 11*k(t). What is the hundreds digit of o(4)?
4
Let k(y) = -y**2 + y + 5. Let u be k(3). Let f be (-12 + 144)/(u*1). What is the units digit of 4 + f/4*-1?
7
What is the hundreds digit of 1 + 4/6 - 3501960/(-315) - 2?
1
Suppose 67 = 9*z + 22. Suppose -5*w - 3*c = 27, -3*c + z*c + 8 = 0. Let j = w - -70. What is the units digit of j?
7
Suppose -4*k - 2736 = u, -5*u + 583 = -3*k - 1446. Let h = 791 + k. What is the units digit of h?
8
Let h(b) = 3*b**2 + b + 1. Let x be h(1). Suppose -39 - 1 = x*y. What is the tens digit of (((-56)/5)/2)/(y/40)?
2
What is the thousands digit of (48 - 1)*(-45 - -199)?
7
Let b(w) = -w**3 - 45*w**2 - 2*w - 1474. What is the hundreds digit of b(-48)?
5
Suppose -5772*v = -5765*v - 172452. What is the units digit of v?
6
Suppose 0 = -29*s - 553 + 6092. Let o = 631 - s. What is the tens digit of o?
4
Let o(d) = 20*d - 44. Let y(m) = 21*m - 43. Let s(b) = 6*o(b) - 5*y(b). What is the units digit of s(27)?
6
Suppose -5*f - 36 = -17*f. Let t(d) be the third derivative of d**5/6 + d**4/8 - 2*d**3/3 - 14*d**2. What is the units digit of t(f)?
5
Suppose 146986 = 74*i - 476242. What is the tens digit of i?
2
Suppose 162792 = -170*i + 191*i. What is the tens digit of i?
5
Suppose 32*a = 29*a. Suppose a = 8*p - 0*p - 904. What is the units digit of p?
3
What is the units digit of 99/(-264) - (-104987)/8?
3
Let h be ((-14)/(-49))/((-3)/(-42)). Let q be (0 + 3*(-1)/(-6))*h. Suppose 0 = q*l + 3*l - 615. What is the tens digit of l?
2
What is the units digit of (-1*20)/((-4212)/1052 - -4)?
0
Suppose 9*i + 867 = 9*n + 5*i, -5*n + 466 = 3*i. What is the units digit of n?
5
Let t(y) = y**2 + y. Let x be t(-1). Let r(z) = -4*z + 340. What is the tens digit of r(x)?
4
Suppose h + h = 2*i - 50, 83 = -3*h - 5*i. Let m = h + 111. Let q = m - 44. What is the tens digit of q?
4
Let b(d) = d**2 + 138 + 7*d - 13*d - 8*d. What is the tens digit of b(14)?
3
Let b be (8 - (-85)/(-10))/(1/(-3958)). Let v = -1340 + b. Let x = -367 + v. What is the tens digit of x?
7
Suppose 44*q - 86*q = -815136. What is the thousands digit of q?
9
Let h be (1 + -7)*(-2172)/(-9). Let t be h/2*(-5)/20. Suppose -2*z - 6*x = -3*x - t, -3*x - 68 = -z. What is the tens digit of z?
8
Suppose 5*w - 15 = 0, r + 3*w = 3*r + 5. Suppose -3*y + 2*z + 36 = -6*y, 3*y + 3*z = -36. What is the hundreds digit of (-636)/(r + 1)*y/16?
1
What is the hundreds digit of 10*-1 + 1082 + (20 - 46)?
0
Suppose 257460 = 120*y - 434161 - 951899. What is the ten thousands digit of y?
1
Suppose 55 = d + 3*u + 11, -d = -3*u - 44. Let j be 2*(-102)/(-33) - 8/d. Suppose -j*x = x - 378. What is the units digit of x?
4
Let v(s) = 4 + s**3 + 2 + s + 24*s**2 - 33*s**2. Let h be v(8). Let p = 137 + h. What is the tens digit of p?
8
Suppose -5708467 - 3461557 = -290*v - 2829754. What is the ten thousands digit of v?
2
Let x = 1 - 7. Let u be 3/x*-6 - 1 - 5. Let i(s) = -4*s**3 - s**2 + 4*s + 4. What is the tens digit of i(u)?
9
Suppose q + 3*n + 2*n = -1, 8 = -q + 2*n. Let v = 365 - q. What is the hundreds digit of v?
3
Let t = 11 - 46. Let d be 5 + -1 + t/5 + -3. What is the units digit of (620/15 + 2)/((-2)/d)?
0
Suppose 0 = -4*b - 30*b + 34782. Suppose 0 = -13*a + 8589 - b. What is the hundreds digit of a?
5
Let n be ((-2866)/(-5))/((-8)/(-40)*2). Suppose 0 = 5*a - n - 1232. What is the hundreds digit of a?
5
Let u be 36/(-54)*(-42)/4*1. What is the tens digit of (-7 + u)/(2 - 1) + 585?
8
Let q = 276 + -189. Suppose -4*i = -v - 180, 5*i - v = 3*i + 92. Let a = q - i. What is the units digit of a?
3
Suppose 0 = -n - 5*w + 29, -w = 3*w - 12. Let u = -32 + n. What is the tens digit of u/2*(-3 - 152/12)?
4
Let q(t) = 91*t**2 - 5*t - 6. Suppose -370 + 391 = 7*g. What is the tens digit of q(g)?
9
Let o(w) = w**3 + 14*w**2 + 5*w + 57. Let t be o(-14). What is the tens digit of -3 + (-13960)/(-13) + (-2)/t?
7
Suppose 2*x - 5 = -0*x + m, 0 = -2*x + 2*m + 10. Suppose 3*j - 5*j = 3*l - 5, 4*l + 4*j = x. What is the units digit of 2/(-10) - (-356)/l?
1
Suppose 14*k - 14682 = 11*k. Let p = -3359 + k. What is the units digit of p?
5
Suppose -10*k = -11*k + 10. What is the units digit of (3/(45/k))/(8/3804)?
7
Let j be 6958/12 - (-4 - -6)/(-12). Suppose -20 = 4*n, -j = 5*q - 2*n + n. Let c = 247 + q. What is the hundreds digit of c?
1
Let q(s) = 3365*s + 231. What is the ten thousands digit of q(8)?
2
Let g be (-86)/2*(1 - 0). Let d be -126 + (-10)/45 + (-61)/9. Let q = g - d. What is the units digit of q?
0
Suppose -2*c + 71498 = 3*g, -4*c = -9*g + 11*g - 143020. W